v + 59, 0*x = 3*x - 2*v - 27. What is the remainder when b is divided by x?
10
Let b(j) = 2*j**2 + 36*j + 71. What is the remainder when 23 is divided by b(-16)?
2
Calculate the remainder when ((-2)/3 + 2)*5*15 is divided by 15.
10
Suppose -4*a + 24 = 2*k, 0 = -2*k + 190*a - 189*a + 19. Let q(f) = 69*f**3 - 2*f**2 + f. Calculate the remainder when q(1) is divided by k.
8
Suppose -h = 4*a - 48, h = 5*a + 5*h - 71. What is the remainder when 26/1 + (-12)/(-4) is divided by a?
7
Suppose 26*d - 29*d + 84 = 0. Suppose -3*b - 3 = 2*n, -3*b + 7 = -n + d. What is the remainder when 40 is divided by n?
4
Let o = -163 + 207. Calculate the remainder when o is divided by 4.
0
Calculate the remainder when (0 - 939/4)/(63/(-420)) is divided by 56.
53
Calculate the remainder when (-1505)/(-14) + 1/(-2) is divided by 22.
19
Let h = 311 - 271. Calculate the remainder when 131 is divided by h.
11
Let x(f) = f**2. Let y be x(-1). Calculate the remainder when 68 is divided by y/(364/(-92) + 4).
22
Suppose 8*h - 13 = 11. Suppose -4*r + 33 = -5*v, 5*v + 21 = h*r - 0. What is the remainder when 32 is divided by r?
8
Suppose 2*d + 9 = 15. Suppose -d*b - 37 = -p, 2*b = -3*b - 20. What is the remainder when p is divided by (14/(-4))/(1/(-2))?
4
Let d be (-2)/4*(-10)/1. Let o = d + -2. Let m(z) = -z**3 - 5*z**2 + 5. Calculate the remainder when m(-5) is divided by o.
2
Let m be 5/3*(-45)/(-25). Suppose -17 = -4*p - 5. Suppose -i + 4*j = -p, -5*i - 46 + 130 = m*j. What is the remainder when i is divided by 4?
3
Let p(a) = 34*a - 283. Calculate the remainder when p(11) is divided by 52.
39
Let j(m) = 3*m**2 + m + 3. Let v = -13 - -10. Suppose 0 = -2*o + 22 - 2. Calculate the remainder when j(v) is divided by o.
7
Let y be 96/(-15) + 2/5 + 2. What is the remainder when 38 is divided by (-20)/(y + 0) + 5?
8
Let x = -121 + 528. Calculate the remainder when x is divided by 17.
16
Suppose -h + 0 + 2 = 0. Suppose h*p - p = 29. Suppose -21 - p = -2*j. What is the remainder when j is divided by 13?
12
Suppose -5*y = -7*y + 2*d + 64, 2*y - 4*d - 58 = 0. Let b = 25 + -16. What is the remainder when y is divided by b?
8
Let a = -58 - -115. Calculate the remainder when a is divided by 13.
5
Suppose 4*h + 6 = 2*h. Suppose -j = -5*c + 11, 4*c = -4*j + 3*c + 61. What is the remainder when (h + 5)/(2/67) is divided by j?
11
What is the remainder when 104 is divided by (38/(-95))/((-2)/160) - -5?
30
Let i(x) = 2*x**3 + 8*x**2 - 4*x + 5. Calculate the remainder when 1700 is divided by i(-4).
20
Let f(l) = 8*l + 210. What is the remainder when f(8) is divided by 46?
44
Suppose -57*z - 144 = -61*z. What is the remainder when 1*(-1 + 1) - -71 is divided by z?
35
Suppose -35 + 203 = 3*s. What is the remainder when 1343 is divided by s?
55
Let i = -37 - -63. What is the remainder when (15 - (-69)/4)*4 is divided by i?
25
Let m(x) = 5*x + 20. What is the remainder when 47 is divided by m(-2)?
7
Let u be (-400)/6*21/(-14). Let z be ((-6)/(-4))/(3/u). What is the remainder when 12/5*z/4 is divided by 8?
6
Let w be 120/36*156/10. Suppose -3*g = -6, x = 6*x + g - w. Calculate the remainder when 17 is divided by x.
7
Suppose -49*t + 3111 = 12*t. Let b = -8 + 21. Calculate the remainder when t is divided by b.
12
Suppose -53*p + 5032 = -1381. Calculate the remainder when 239 is divided by p.
118
Let s(y) = 23*y**2 + 83 - 81 - 8*y**2 + 24*y. What is the remainder when s(-5) is divided by 26?
23
Suppose 0 = 8*a - 0*a - 264. Calculate the remainder when a is divided by 16.
1
Let p be (-2)/4 - (495/10 + -3). Calculate the remainder when (-1 - p) + (10 - 4)/(-2) is divided by 9.
7
Calculate the remainder when ((-4)/(8/95))/(1/(-4)) is divided by 96.
94
Let u = -869 - -1020. Calculate the remainder when u is divided by 33.
19
Let c be ((-56)/(-10))/((-3)/345). Calculate the remainder when 140 is divided by c/(-28) + 0/(-2) + 1.
20
Suppose -2*h = -3*v - 15, -3*h - v + 23 = -5*v. Suppose -83 = -h*f + 25. What is the remainder when 34 is divided by f?
10
Let v = 412 + -185. What is the remainder when v is divided by 77?
73
Suppose -10 = -6*s + 2. Suppose 94 = -s*l + 120. Calculate the remainder when 20 is divided by l.
7
Suppose -3*b - b = -16. Suppose -r - 4*o = 0, 5*r - 2*o = o + 46. What is the remainder when r is divided by b?
0
Let t be (30/(-8))/(9/(-24)). Suppose -4*h = h - t. What is the remainder when h is divided by 2?
0
Let u = 357 - 231. Calculate the remainder when u is divided by 23 + (-13 - -1)/(-4).
22
Let n(r) = -r**3 - 5*r**2 - 2*r - 4. Let h be n(-5). Suppose -h = g - 2. What is the remainder when -1 - (g + 1 - 33) is divided by 9?
8
Let u(x) = 8*x**2 + x + 11. Let m(z) = -2*z - 44. Let o be m(-24). What is the remainder when u(o) is divided by 29?
27
Let b(j) = 2*j**3 + j**2 + 4*j - 1. Calculate the remainder when 161 is divided by b(2).
26
Let f(a) = 1 - a**2 + 2*a - 3*a - 5*a**2 + a**3. Let x be f(8). Suppose 0 = -2*z + z - 5*p + 59, p - x = -3*z. What is the remainder when z is divided by 14?
11
Let b(r) = -r**3 + 8*r**2 + 7*r - 2. Let n be b(4). Suppose 0*p - n = 5*p. Let c = p + 31. What is the remainder when 50 is divided by c?
11
Let a = 913 + -528. Calculate the remainder when a is divided by 26.
21
Let b(f) = -1 - 7*f + 3*f**3 + 4 + 4*f**3 + 7*f**2 - 8*f**3. What is the remainder when 62 is divided by b(4)?
16
Let h be (-12)/10*(-10)/4. Suppose 0 = h*f + 5*d - 55, -4*f - d + 79 = -0*f. Suppose -s = 4*s - f. Calculate the remainder when s is divided by 2.
0
Suppose 4*f - 3*k = 0, -13 = -3*k - 1. Suppose 59 = 5*s + f*j, 105 - 30 = 5*s - 5*j. Suppose -12 + 37 = 5*u. What is the remainder when s is divided by u?
3
Let l = 100 + -96. What is the remainder when 49 + -4 + l - -2 is divided by 18?
15
Let t = -22 + 27. Suppose 5*y + t = -0*y. What is the remainder when (1 - y)/(1/3) is divided by 4?
2
Let y = 14 + -1. What is the remainder when 1289/y - 10/65 is divided by 25?
24
Let q(n) = -n**3 + n**2 - n + 34. Suppose 6*b + 17 - 77 = 0. Calculate the remainder when q(0) is divided by b.
4
Suppose 5*a - 22 = 2*h, 0 = -2*a - 0*h - h + 7. Suppose 0 = -4*g - 20, a*i - 46 = i - g. Calculate the remainder when 67 is divided by i.
16
Suppose -373 = 2*z - 445. What is the remainder when 242 is divided by z?
26
Let d(q) = 4*q**2 - 11*q + 49. What is the remainder when d(4) is divided by 19?
12
Let s be ((-3)/(-9))/((-5)/(-60)). Let u(x) = x**3 - 3*x**2 - 4*x + 2. Let k be u(s). What is the remainder when 3 is divided by k/5 - 39/(-65)?
0
Let v = 139 + -101. Suppose 0 = -o - 3, 74 = 3*f + o - 355. Calculate the remainder when f is divided by v.
30
Suppose 183 = -0*l + 3*l. Suppose 0 = -s + 3*s - 8, -s = -a + 12. Calculate the remainder when l is divided by a.
13
Suppose 15*a - 7*a - 32 = 0. Suppose 0 = 3*c - 3*x - 378, -a*c + 2*x + 573 - 73 = 0. What is the remainder when c is divided by 42?
40
Let y be (-6)/21 - (-2524)/14. Suppose -5*v + 90 + y = 0. Let n(w) = -w**2 + 11*w - 4. Calculate the remainder when v is divided by n(9).
12
Let o be 18*(-4)/(16/10). Let b = o + 52. Suppose 8 + 16 = 2*z - 5*v, -4*z = 5*v - 48. What is the remainder when z is divided by b?
5
Let z(j) = -j**2 - 14. Let n(r) = -r**2 - r - 13. Let s(f) = 6*n(f) - 5*z(f). Let w be s(-7). Let b = 20 - w. What is the remainder when b is divided by 18?
17
Let v = -47 - -43. Let c(u) = -4*u + 7. What is the remainder when 66 is divided by c(v)?
20
Suppose -3*g + 6 = -4*m, 56*g - 2*m = 61*g - 36. What is the remainder when 106 is divided by g?
4
What is the remainder when 255 is divided by ((-7)/1)/((-14)/28)?
3
Let f(p) = 2*p**2 - 3*p - 6. Let a = -18 - -21. Calculate the remainder when f(4) is divided by a.
2
Let o = -7 + 23. Let p(d) = d**3 - 15*d**2 - 14*d - 11. Calculate the remainder when p(o) is divided by 6.
3
Let h = 8 + 18. Calculate the remainder when (10/4)/(430/21672) is divided by h.
22
Let r = 628 - 608. Calculate the remainder when r is divided by 13/4 - 2/8.
2
Suppose 6*t = 11*t - 140. Calculate the remainder when 9/((-12)/(-42) + 34/t) is divided by 3.
0
Let l(t) = 4*t - 9*t + 0*t - 6. Calculate the remainder when l(-2) is divided by 3.
1
Let c(o) = 7*o + 30. Calculate the remainder when 1169 is divided by c(-3).
8
Calculate the remainder when -774*((-77)/(-42) + -2) is divided by 16.
1
Let l = -89 + 44. Let m